digit of 14546661?
4
What is the thousands digit of 153919?
3
What is the hundreds digit of 91438?
4
What is the ten thousands digit of 526919?
2
What is the thousands digit of 351200?
1
What is the hundred thousands digit of 383057?
3
What is the hundred thousands digit of 556971?
5
What is the thousands digit of 483518?
3
What is the tens digit of 5961271?
7
What is the tens digit of 486430?
3
What is the ten thousands digit of 427459?
2
What is the units digit of 7238102?
2
What is the units digit of 9368125?
5
What is the hundreds digit of 517156?
1
What is the hundreds digit of 2672299?
2
What is the tens digit of 303003?
0
What is the units digit of 4494179?
9
What is the hundreds digit of 802268?
2
What is the hundred thousands digit of 4403021?
4
What is the ten thousands digit of 112622?
1
What is the units digit of 10038?
8
What is the tens digit of 210120?
2
What is the units digit of 157429?
9
What is the hundreds digit of 6059677?
6
What is the thousands digit of 1442590?
2
What is the thousands digit of 5767156?
7
What is the tens digit of 2337543?
4
What is the tens digit of 502196?
9
What is the hundreds digit of 8361073?
0
What is the ten thousands digit of 548931?
4
What is the tens digit of 364915?
1
What is the hundred thousands digit of 3435250?
4
What is the millions digit of 19405110?
9
What is the thousands digit of 2319992?
9
What is the units digit of 20583?
3
What is the ten millions digit of 32381924?
3
What is the hundreds digit of 213327?
3
What is the hundreds digit of 44759?
7
What is the thousands digit of 21147?
1
What is the thousands digit of 711331?
1
What is the tens digit of 12425279?
7
What is the ten thousands digit of 292589?
9
What is the thousands digit of 966114?
6
What is the hundred thousands digit of 1129709?
1
What is the ten thousands digit of 1937320?
3
What is the thousands digit of 306393?
6
What is the thousands digit of 19037086?
7
What is the millions digit of 6458700?
6
What is the tens digit of 363350?
5
What is the thousands digit of 14250132?
0
What is the tens digit of 66939?
3
What is the thousands digit of 157520?
7
What is the units digit of 1024131?
1
What is the hundreds digit of 68253?
2
What is the tens digit of 1038416?
1
What is the tens digit of 905568?
6
What is the tens digit of 2401237?
3
What is the units digit of 4325993?
3
What is the tens digit of 68370?
7
What is the tens digit of 155316?
1
What is the millions digit of 4615714?
4
What is the millions digit of 6501656?
6
What is the millions digit of 3093799?
3
What is the ten thousands digit of 983880?
8
What is the hundreds digit of 582124?
1
What is the ten thousands digit of 74645?
7
What is the hundreds digit of 1551817?
8
What is the millions digit of 1406152?
1
What is the thousands digit of 6137265?
7
What is the units digit of 30681442?
2
What is the units digit of 110990?
0
What is the thousands digit of 4417527?
7
What is the hundred thousands digit of 6080112?
0
What is the units digit of 135057?
7
What is the units digit of 33250?
0
What is the millions digit of 13535212?
3
What is the tens digit of 51644?
4
What is the millions digit of 26592854?
6
What is the units digit of 844344?
4
What is the ten thousands digit of 6575452?
7
What is the units digit of 87059?
9
What is the units digit of 189277?
7
What is the ten thousands digit of 190717?
9
What is the thousands digit of 324670?
4
What is the tens digit of 2351593?
9
What is the units digit of 2822809?
9
What is the tens digit of 88681?
8
What is the ten thousands digit of 256020?
5
What is the tens digit of 62980?
8
What is the tens digit of 796753?
5
What is the ten thousands digit of 41043?
4
What is the units digit of 18495?
5
What is the hundred thousands digit of 2382969?
3
What is the units digit of 877432?
2
What is the hundred thousands digit of 2241254?
2
What is the hundreds digit of 311255?
2
What is the units digit of 41292?
2
What is the tens digit of 177165?
6
What is the thousands digit of 90723?
0
What is the millions digit of 3694360?
3
What is the hundred thousands digit of 16229446?
2
What is the thousands digit of 1111746?
1
What is the hundreds digit of 99511?
5
What is the hundreds digit of 610708?
7
What is the ten millions digit of 12128313?
1
What is the millions digit of 5174997?
5
What is the units digit of 1076584?
4
What is the millions digit of 21281740?
1
What is the tens digit of 2800683?
8
What is the units digit of 206567?
7
What is the units digit of 14424?
4
What is the tens digit of 17861047?
4
What is the hundreds digit of 10822652?
6
What is the hundred thousands digit of 1762574?
7
What is the thousands digit of 345093?
5
What is the hundreds digit of 104142?
1
What is the units digit of 52843?
3
What is the thousands digit of 289460?
9
What is the thousands digit of 279299?
9
What is the hundreds digit of 3819657?
6
What is the tens digit of 211633?
3
What is the hundred thousands digit of 1257632?
2
What is the units digit of 87129?
9
What is the hundreds digit of 19059467?
4
What is the tens digit of 51651?
5
What is the ten thousands digit of 2585962?
8
What is the units digit of 212372?
2
What is the thousands digit of 636354?
6
What is the hundreds digit of 648966?
9
What is the ten thousands digit of 192510?
9
What is the units digit of 665739?
9
What is the ten millions digit of 16801429?
1
What is the thousands digit of 178788?
8
What is the units digit of 163331?
1
What is the ten thousands digit of 372885?
7
What is the units digit of 2072103?
3
What is the ten thousands digit of 83156?
8
What is the hundred thousands digit of 6385771?
3
What is the units digit of 25638076?
6
What is the ten thousands digit of 2376896?
7
What is the units digit of 191567?
7
What is the units digit of 366284?
4
What is the tens digit of 2918355?
5
What is the tens digit of 109689?
8
What is the units digit of 24290633?
3
What is the hundred thousands digit of 16742914?
7
What is the millions digit of 12127894?
2
What is the hundreds digit of 843073?
0
What is the units digit of 380686?
6
What is the hundreds digit of 1084924?
9
What is the thousands digit of 1754265?
4
What is the thousands digit of 433148?
3
What is the ten thousands digit of 563642?
6
What is the millions digit of 4367825?
4
What is the units digit of 35177?
7
What is the millions digit of 14613774?
4
What is the hundreds digit of 1093276?
2
What is the hundred thousands digit of 29429138?
4
What is the ten thousands digit of 8168829?
6
What is the units digit of 4562056?
6
What is the hundred thousands digit of 946645?
9
What is the tens digit of 793571?
7
What is the thousands digit of 644081?
4
What is the tens digit of 5491272?
7
What is the thousands digit of 28597239?
7
What is the hundred thousands digit of 10234346?
2
What is the hundred thousands digit of 1178878?
1
What is the thousands digit of 7539524?
9
What is the millions digit of 1861735?
1
What is the ten millions digit of 26505719?
2
What is the tens digit of 3580824?
2
What is the ten thousands digit of 170672?
7
What is the ten thousands digit of 4264384?
6
What is the millions digit of 2996434?
2
What is the ten thousands digit of 438775?
3
What is the millions digit of 4934048?
4
What is the thousands digit of 4544023?
4
What is the thousands digit of 548326?
8
What is the hundreds digit of 62081?
0
What is the thousands digit of 247703?
7
What is the tens digit of 207240?
4
What is the thousands digit of 11442988?
2
What is the units digit of 44368?
8
What is the thousands digit of 480433?
0
What is the thousands digit of 4721957?
1
What is the ten thousands digit of 1341729?
4
What is the ten thousands digit of 1404121?
0
What is the units digit of 82189?
9
What is the hundred thousands digit of 4748423?
7
What is the tens digit of 1553791?
9
What is the hundred thousands digit of 103052?
1
What is the tens digit of 16481422?
2
What is the ten thousands digit of 422365?
2
What is the ten thousands digit of 3364830?
6
What is the thousands digit of 10764567?
4
What is the hundred thousands digit of 23535933?
5
What is the hundreds digit of 13419?
4
What is the tens digit of 450096?
9
What is the thousands digit of 286610?
6
What is the thousands digit of 8575457?
5
Wh